{"id":208,"date":"2025-03-31T20:19:18","date_gmt":"2025-03-31T18:19:18","guid":{"rendered":"https:\/\/test.pflegefamilienverein.de\/?page_id=208"},"modified":"2025-03-31T20:19:18","modified_gmt":"2025-03-31T18:19:18","slug":"verwandtenpflege","status":"publish","type":"page","link":"https:\/\/pflegefamilienverein.de\/?page_id=208","title":{"rendered":"Verwandtenpflege"},"content":{"rendered":"\n<p>Bei der Verwandtenpflege haben Kinder und Jugendliche bei Verwandten ihren Lebensmittelpunkt.<\/p>\n\n\n\n<p>Dies kann verschiedenste Ursachen haben, z.B.:<br><br>\u2022 Nichtauffindbarkeit der leiblichen Eltern,<br><br>\u2022 Erziehungsunf\u00e4higkeit der leiblichen Eltern,<br><br>\u2022 Krankheit oder Tod eines oder beider Elternteile,<br><br>\u2022 Suchtkrankheit der leiblichen Eltern,<br><br>\u2022 Haftstrafen eines oder beider Elternteile.<br><br>Verwandte sind: Gro\u00dfeltern, Onkel und Tanten, Geschwister, Neffen und Nichten (\u00a71589 BGB) sowie verschw\u00e4gerte Verwandte (\u00a71590 BGB) Ein Verwandtenpflegeverh\u00e4ltnis kann ohne das Zutun eines Jugendamtes, sozusagen als Bestimmung des Aufenthaltes des Kindes durch die Erziehungsberechtigten zu Stande kommen. In vielen anderen F\u00e4llen stellen die Erziehungsberechtigten einen Antrag auf Hilfe zur Erziehung und entscheiden sich, wenn dem Antrag statt gegeben wird, im Verlauf des Beratungsprozesses im Jugendamt f\u00fcr die Verwandtenpflege. Hier greifen explizit die Bestimmungen des \u00a7 27 KJHG (Hilfe zur Erziehung) \u00a7 33 KJHG (Vollzeitpflege) \u00a7 36 KJHG und 37 KJHG (Hilfeplan und Zusammenarbeit bei Hilfen au\u00dferhalb der eigenen Familie).<br><br>Den Verwandten kommen nat\u00fcrlich die gleichen Aufgaben der Sorge um das Kind zu, wie den leiblichen Eltern oder anderen Pflegeeltern. Sie haben f\u00fcr das Wohl des Kindes zu sorgen. Dabei bewegen sie sich Spannungsfeld von N\u00e4he, Vertrauen und eingefahrenen Bahnen, was Erziehung und Beziehung anbelangt. Beides hat Vor- und Nachteile.<br><br>Auch von verwandten Pflegeeltern ist, wenn die Pflege als Hilfe zur Erziehung angelegt ist, eine gewisse Qualifikation und ein besonderes Profil zu erwarten. Sie haben genau wie alle anderen Pflegeeltern auch ein Recht auf Begleitung und Unterst\u00fctzung, egal ob sie Hilfe zur Erziehung leisten oder nicht.<br><br>Einen Anspruch auf Pflegegeld (im Sinne des \u00a7 39 KJHG) haben Verwandte nur dann, wenn die Pflege aufgrund eines Antrages auf Hilfe zur Erziehung besteht und sie nicht bereit sind, die Hilfe im Rahmen einer Unterhaltspflicht zu leisten. In den anderen F\u00e4llen erfolgt die finanzielle Unterst\u00fctzung nach dem Bundessozialhilfegesetz (\u00a7 22 BSHG).<\/p>\n","protected":false},"excerpt":{"rendered":"<p>Bei der Verwandtenpflege haben Kinder und Jugendliche bei Verwandten ihren Lebensmittelpunkt. Dies kann verschiedenste Ursachen haben, z.B.: \u2022 Nichtauffindbarkeit der leiblichen Eltern, \u2022 Erziehungsunf\u00e4higkeit der leiblichen Eltern, \u2022 Krankheit oder Tod eines oder beider Elternteile, \u2022 Suchtkrankheit der leiblichen Eltern, \u2022 Haftstrafen eines oder beider Elternteile. Verwandte sind: Gro\u00dfeltern, Onkel und Tanten, Geschwister, Neffen und &hellip; <\/p>\n<p class=\"link-more\"><a href=\"https:\/\/pflegefamilienverein.de\/?page_id=208\" class=\"more-link\"><span class=\"screen-reader-text\">\u201eVerwandtenpflege\u201c <\/span>weiterlesen<\/a><\/p>\n","protected":false},"author":2,"featured_media":0,"parent":90,"menu_order":0,"comment_status":"closed","ping_status":"closed","template":"","meta":{"footnotes":""},"class_list":["post-208","page","type-page","status-publish","hentry"],"_links":{"self":[{"href":"https:\/\/pflegefamilienverein.de\/index.php?rest_route=\/wp\/v2\/pages\/208","targetHints":{"allow":["GET"]}}],"collection":[{"href":"https:\/\/pflegefamilienverein.de\/index.php?rest_route=\/wp\/v2\/pages"}],"about":[{"href":"https:\/\/pflegefamilienverein.de\/index.php?rest_route=\/wp\/v2\/types\/page"}],"author":[{"embeddable":true,"href":"https:\/\/pflegefamilienverein.de\/index.php?rest_route=\/wp\/v2\/users\/2"}],"replies":[{"embeddable":true,"href":"https:\/\/pflegefamilienverein.de\/index.php?rest_route=%2Fwp%2Fv2%2Fcomments&post=208"}],"version-history":[{"count":0,"href":"https:\/\/pflegefamilienverein.de\/index.php?rest_route=\/wp\/v2\/pages\/208\/revisions"}],"up":[{"embeddable":true,"href":"https:\/\/pflegefamilienverein.de\/index.php?rest_route=\/wp\/v2\/pages\/90"}],"wp:attachment":[{"href":"https:\/\/pflegefamilienverein.de\/index.php?rest_route=%2Fwp%2Fv2%2Fmedia&parent=208"}],"curies":[{"name":"wp","href":"https:\/\/api.w.org\/{rel}","templated":true}]}}