{"id":193,"date":"2025-03-31T20:06:46","date_gmt":"2025-03-31T18:06:46","guid":{"rendered":"https:\/\/test.pflegefamilienverein.de\/?page_id=193"},"modified":"2025-03-31T20:06:46","modified_gmt":"2025-03-31T18:06:46","slug":"kurzzeitpflege","status":"publish","type":"page","link":"https:\/\/pflegefamilienverein.de\/?page_id=193","title":{"rendered":"Kurzzeitpflege"},"content":{"rendered":"\n<p><strong>Kurzzeitpflege: Eine flexible Br\u00fccke in unsicheren Zeiten<\/strong><\/p>\n\n\n\n<p>Im Hilfesystem der Kinder- und Jugendhilfe nimmt die Kurzzeitpflege eine wichtige und oft untersch\u00e4tzte Rolle ein. Sie bietet eine flexible und tempor\u00e4re Betreuungsm\u00f6glichkeit f\u00fcr Kinder und Jugendliche, wenn deren Herkunftsfamilien \u2013 aus den unterschiedlichsten Gr\u00fcnden \u2013 vor\u00fcbergehend nicht in der Lage sind, ihre F\u00fcrsorgepflicht vollst\u00e4ndig zu erf\u00fcllen. Die Kurzzeitpflege ist keine Dauerl\u00f6sung, sondern eine entscheidende &#8222;Br\u00fccke&#8220;, die Stabilit\u00e4t und Sicherheit in oftmals turbulenten Phasen im Leben eines Kindes bietet.<\/p>\n\n\n\n<p><strong>Was ist Kurzzeitpflege?<\/strong><\/p>\n\n\n\n<p>Kurzzeitpflege bedeutet, dass ein Kind f\u00fcr einen begrenzten Zeitraum (von wenigen Tagen bis zu mehreren Wochen oder Monaten) in einer qualifizierten Pflegefamilie oder in einer spezialisierten Einrichtung lebt. Sie unterscheidet sich von der Vollzeitpflege durch ihren tempor\u00e4ren Charakter und ihren prim\u00e4ren Fokus auf die \u00dcberbr\u00fcckung einer akuten Notsituation oder die Entlastung der Herkunftsfamilie.<\/p>\n\n\n\n<p><strong>Warum ist Kurzzeitpflege notwendig?<\/strong><\/p>\n\n\n\n<p>Die Gr\u00fcnde, warum Kinder kurzfristig nicht in ihrer Herkunftsfamilie leben k\u00f6nnen, sind vielf\u00e4ltig:<\/p>\n\n\n\n<ul class=\"wp-block-list\">\n<li><strong>Akute Krisen in der Familie:<\/strong> Dies k\u00f6nnen pl\u00f6tzliche Erkrankungen, Krankenhausaufenthalte, Unf\u00e4lle oder psychische Krisen der Eltern sein, die eine vor\u00fcbergehende Unversorgtheit der Kinder zur Folge haben.<\/li>\n\n\n\n<li><strong>Entlastung von Familien:<\/strong> Familien, die unter dauerhaftem Stress stehen (z.B. durch Mehrlingsgeburten, chronische Krankheit eines Familienmitglieds oder \u00dcberforderung), k\u00f6nnen durch eine Kurzzeitunterbringung wichtige Entlastung erfahren, um wieder zu Kr\u00e4ften zu kommen.<\/li>\n\n\n\n<li><strong>Kl\u00e4rung und Diagnostik:<\/strong> Manchmal dient die Kurzzeitpflege dazu, eine Situation zu stabilisieren und dem Jugendamt Zeit f\u00fcr eine umfassende Pr\u00fcfung und Kl\u00e4rung der famili\u00e4ren Verh\u00e4ltnisse zu geben, bevor \u00fcber weitere Schritte (z.B. R\u00fcckf\u00fchrung oder langfristige Unterbringung) entschieden wird.<\/li>\n\n\n\n<li><strong>Schutz des Kindeswohls:<\/strong> In akuten Gef\u00e4hrdungssituationen kann eine Inobhutnahme im Rahmen einer Kurzzeitpflege erfolgen, um das Kind sofort aus einer bedrohlichen Lage zu nehmen und ihm Schutz zu bieten.<\/li>\n\n\n\n<li><strong>Anbahnung langfristiger Perspektiven:<\/strong> Die Kurzzeitpflege kann auch als \u00dcbergangsphase dienen, um beispielsweise die Anbahnung einer Vollzeitpflege vorzubereiten.<\/li>\n<\/ul>\n\n\n\n<p><strong>Wer leistet Kurzzeitpflege?<\/strong><\/p>\n\n\n\n<p>Die Kurzzeitpflege wird in der Regel von speziell geschulten und erfahrenen Pflegefamilien geleistet, die als &#8222;Bereitschaftspflegefamilien&#8220; oder &#8222;Kurzzeitpflegefamilien&#8220; bezeichnet werden. Diese Familien sind darauf vorbereitet, Kinder oft sehr kurzfristig und mit unterschiedlichen Hintergr\u00fcnden aufzunehmen. Sie verf\u00fcgen \u00fcber die F\u00e4higkeit, sich schnell auf neue Situationen einzustellen und den Kindern in einer unsicheren Phase Halt zu geben. Seltener kann Kurzzeitpflege auch in speziellen Einrichtungen der Jugendhilfe erfolgen, insbesondere bei Kindern mit komplexen Bed\u00fcrfnissen.<\/p>\n\n\n\n<p><strong>Herausforderungen und Chancen der Kurzzeitpflege<\/strong><\/p>\n\n\n\n<p>F\u00fcr die Kinder bedeutet die Kurzzeitpflege oft einen erneuten Wechsel und eine Trennung von vertrauten Bezugspersonen, auch wenn diese tempor\u00e4r ist. Sie m\u00fcssen sich an eine neue Umgebung, neue Menschen und neue Regeln gew\u00f6hnen. Dies kann mit Unsicherheit, \u00c4ngsten oder auch Verhaltensauff\u00e4lligkeiten einhergehen.<\/p>\n\n\n\n<p>Gleichzeitig bietet die Kurzzeitpflege enorme Chancen:<\/p>\n\n\n\n<ul class=\"wp-block-list\">\n<li><strong>Schutz und Sicherheit:<\/strong> Das Kind wird aus einer belastenden oder unsicheren Situation herausgenommen und erh\u00e4lt einen sicheren Hafen.<\/li>\n\n\n\n<li><strong>Ruhe und Erholung:<\/strong> Sowohl das Kind als auch die Herkunftsfamilie bekommen eine Auszeit, um zur Ruhe zu kommen und neue Perspektiven zu entwickeln.<\/li>\n\n\n\n<li><strong>Professionelle Unterst\u00fctzung:<\/strong> Die Pflegefamilien werden vom Jugendamt eng begleitet und erhalten professionelle Beratung, um die Kinder bestm\u00f6glich zu unterst\u00fctzen.<\/li>\n\n\n\n<li><strong>Perspektivkl\u00e4rung:<\/strong> Die Zeit in der Kurzzeitpflege wird genutzt, um gemeinsam mit der Herkunftsfamilie und dem Jugendamt eine langfristige Perspektive f\u00fcr das Kind zu erarbeiten.<\/li>\n<\/ul>\n","protected":false},"excerpt":{"rendered":"<p>Kurzzeitpflege: Eine flexible Br\u00fccke in unsicheren Zeiten Im Hilfesystem der Kinder- und Jugendhilfe nimmt die Kurzzeitpflege eine wichtige und oft untersch\u00e4tzte Rolle ein. Sie bietet eine flexible und tempor\u00e4re Betreuungsm\u00f6glichkeit f\u00fcr Kinder und Jugendliche, wenn deren Herkunftsfamilien \u2013 aus den unterschiedlichsten Gr\u00fcnden \u2013 vor\u00fcbergehend nicht in der Lage sind, ihre F\u00fcrsorgepflicht vollst\u00e4ndig zu erf\u00fcllen. Die &hellip; <\/p>\n<p class=\"link-more\"><a href=\"https:\/\/pflegefamilienverein.de\/?page_id=193\" class=\"more-link\"><span class=\"screen-reader-text\">\u201eKurzzeitpflege\u201c <\/span>weiterlesen<\/a><\/p>\n","protected":false},"author":2,"featured_media":0,"parent":90,"menu_order":0,"comment_status":"closed","ping_status":"closed","template":"","meta":{"footnotes":""},"class_list":["post-193","page","type-page","status-publish","hentry"],"_links":{"self":[{"href":"https:\/\/pflegefamilienverein.de\/index.php?rest_route=\/wp\/v2\/pages\/193","targetHints":{"allow":["GET"]}}],"collection":[{"href":"https:\/\/pflegefamilienverein.de\/index.php?rest_route=\/wp\/v2\/pages"}],"about":[{"href":"https:\/\/pflegefamilienverein.de\/index.php?rest_route=\/wp\/v2\/types\/page"}],"author":[{"embeddable":true,"href":"https:\/\/pflegefamilienverein.de\/index.php?rest_route=\/wp\/v2\/users\/2"}],"replies":[{"embeddable":true,"href":"https:\/\/pflegefamilienverein.de\/index.php?rest_route=%2Fwp%2Fv2%2Fcomments&post=193"}],"version-history":[{"count":0,"href":"https:\/\/pflegefamilienverein.de\/index.php?rest_route=\/wp\/v2\/pages\/193\/revisions"}],"up":[{"embeddable":true,"href":"https:\/\/pflegefamilienverein.de\/index.php?rest_route=\/wp\/v2\/pages\/90"}],"wp:attachment":[{"href":"https:\/\/pflegefamilienverein.de\/index.php?rest_route=%2Fwp%2Fv2%2Fmedia&parent=193"}],"curies":[{"name":"wp","href":"https:\/\/api.w.org\/{rel}","templated":true}]}}